{"id":514,"date":"2020-08-29T18:29:11","date_gmt":"2020-08-29T18:29:11","guid":{"rendered":"http:\/\/mvs50.es\/?page_id=514"},"modified":"2020-09-01T15:32:56","modified_gmt":"2020-09-01T15:32:56","slug":"porticos","status":"publish","type":"page","link":"https:\/\/mvs50.es\/index.php\/joyeria\/porticos\/","title":{"rendered":"P\u00d3RTICOS"},"content":{"rendered":"\n<div class=\"wp-block-group alignwide\"><div class=\"wp-block-group__inner-container\">\n<div class=\"wp-block-group alignwide\"><div class=\"wp-block-group__inner-container\">\n<p class=\"has-text-align-left\"><\/p>\n<\/div><\/div>\n\n\n\n<div class=\"wp-block-columns\">\n<div class=\"wp-block-column\">\n<div class=\"wp-block-image is-style-default\"><figure class=\"alignright size-large is-resized\"><img loading=\"lazy\" src=\"http:\/\/mvs50.es\/wp-content\/uploads\/2020\/06\/MG_0989_-1024x768.jpg\" alt=\"\" class=\"wp-image-287\" width=\"342\" height=\"256\" srcset=\"https:\/\/mvs50.es\/wp-content\/uploads\/2020\/06\/MG_0989_-1024x768.jpg 1024w, https:\/\/mvs50.es\/wp-content\/uploads\/2020\/06\/MG_0989_-300x225.jpg 300w, https:\/\/mvs50.es\/wp-content\/uploads\/2020\/06\/MG_0989_-768x576.jpg 768w, https:\/\/mvs50.es\/wp-content\/uploads\/2020\/06\/MG_0989_-1536x1152.jpg 1536w, https:\/\/mvs50.es\/wp-content\/uploads\/2020\/06\/MG_0989_-2048x1536.jpg 2048w, https:\/\/mvs50.es\/wp-content\/uploads\/2020\/06\/MG_0989_-800x600.jpg 800w, https:\/\/mvs50.es\/wp-content\/uploads\/2020\/06\/MG_0989_-600x450.jpg 600w\" sizes=\"(max-width: 342px) 100vw, 342px\" \/><\/figure><\/div>\n<\/div>\n\n\n\n<div class=\"wp-block-column\">\n<p>Los&nbsp; p\u00f3rticos estructurales de los edificios&nbsp; se proyectan en un \u00fanico plano, sin perder visualmente la tercera dimensi\u00f3n, formalizando as\u00ed la colecci\u00f3n \u201cP\u00d3RTICOS\u201d.<\/p>\n\n\n\n<p>Las piezas se realizan de forma artesanal en plata 925\/1000.<\/p>\n\n\n\n<p>Piezas numeradas. Edici\u00f3n limitada.<\/p>\n<\/div>\n<\/div>\n<\/div><\/div>\n\n\n\n<div class=\"wp-block-group alignwide\"><div class=\"wp-block-group__inner-container\">\n<div class=\"wp-block-columns\">\n<div class=\"wp-block-column\"><\/div>\n\n\n\n<div class=\"wp-block-column\"><\/div>\n<\/div>\n\n\n\n<div class=\"wp-block-columns\">\n<div class=\"wp-block-column\"><\/div>\n\n\n\n<div class=\"wp-block-column\"><\/div>\n<\/div>\n\n\n\n<div class=\"wp-block-columns\">\n<div class=\"wp-block-column\"><\/div>\n\n\n\n<div class=\"wp-block-column\"><\/div>\n<\/div>\n<\/div><\/div>\n\n\n\n<div class=\"wp-block-columns\">\n<div class=\"wp-block-column\">\n<figure class=\"wp-block-image size-large\"><img loading=\"lazy\" width=\"1024\" height=\"769\" src=\"http:\/\/mvs50.es\/wp-content\/uploads\/2020\/08\/MG_0975_-edited-1024x769.jpg\" alt=\"\" class=\"wp-image-486\" srcset=\"https:\/\/mvs50.es\/wp-content\/uploads\/2020\/08\/MG_0975_-edited-1024x769.jpg 1024w, https:\/\/mvs50.es\/wp-content\/uploads\/2020\/08\/MG_0975_-edited-300x225.jpg 300w, https:\/\/mvs50.es\/wp-content\/uploads\/2020\/08\/MG_0975_-edited-768x577.jpg 768w, https:\/\/mvs50.es\/wp-content\/uploads\/2020\/08\/MG_0975_-edited-1536x1154.jpg 1536w, https:\/\/mvs50.es\/wp-content\/uploads\/2020\/08\/MG_0975_-edited-2048x1538.jpg 2048w, https:\/\/mvs50.es\/wp-content\/uploads\/2020\/08\/MG_0975_-edited-800x600.jpg 800w, https:\/\/mvs50.es\/wp-content\/uploads\/2020\/08\/MG_0975_-edited-600x451.jpg 600w\" sizes=\"(max-width: 1024px) 100vw, 1024px\" \/><figcaption><span style=\"color:#464646\" class=\"has-inline-color\">Colgante C1<\/span><\/figcaption><\/figure>\n<\/div>\n\n\n\n<div class=\"wp-block-column\">\n<figure class=\"wp-block-image size-large\"><img loading=\"lazy\" width=\"1024\" height=\"768\" src=\"http:\/\/mvs50.es\/wp-content\/uploads\/2020\/08\/MG_0979_-1-edited-1024x768.jpg\" alt=\"\" class=\"wp-image-462\" srcset=\"https:\/\/mvs50.es\/wp-content\/uploads\/2020\/08\/MG_0979_-1-edited-1024x768.jpg 1024w, https:\/\/mvs50.es\/wp-content\/uploads\/2020\/08\/MG_0979_-1-edited-300x225.jpg 300w, https:\/\/mvs50.es\/wp-content\/uploads\/2020\/08\/MG_0979_-1-edited-768x576.jpg 768w, https:\/\/mvs50.es\/wp-content\/uploads\/2020\/08\/MG_0979_-1-edited-1536x1152.jpg 1536w, https:\/\/mvs50.es\/wp-content\/uploads\/2020\/08\/MG_0979_-1-edited-800x600.jpg 800w, https:\/\/mvs50.es\/wp-content\/uploads\/2020\/08\/MG_0979_-1-edited-600x450.jpg 600w, https:\/\/mvs50.es\/wp-content\/uploads\/2020\/08\/MG_0979_-1-edited.jpg 1961w\" sizes=\"(max-width: 1024px) 100vw, 1024px\" \/><figcaption><span style=\"color:#464646\" class=\"has-inline-color\">Pulsera<\/span><\/figcaption><\/figure>\n<\/div>\n<\/div>\n\n\n\n<div class=\"wp-block-columns\">\n<div class=\"wp-block-column\">\n<figure class=\"wp-block-image size-large\"><img loading=\"lazy\" width=\"1024\" height=\"768\" src=\"http:\/\/mvs50.es\/wp-content\/uploads\/2020\/06\/MG_1160_-1024x768.jpg\" alt=\"\" class=\"wp-image-291\" srcset=\"https:\/\/mvs50.es\/wp-content\/uploads\/2020\/06\/MG_1160_-1024x768.jpg 1024w, https:\/\/mvs50.es\/wp-content\/uploads\/2020\/06\/MG_1160_-300x225.jpg 300w, https:\/\/mvs50.es\/wp-content\/uploads\/2020\/06\/MG_1160_-768x576.jpg 768w, https:\/\/mvs50.es\/wp-content\/uploads\/2020\/06\/MG_1160_-1536x1152.jpg 1536w, https:\/\/mvs50.es\/wp-content\/uploads\/2020\/06\/MG_1160_-2048x1536.jpg 2048w, https:\/\/mvs50.es\/wp-content\/uploads\/2020\/06\/MG_1160_-800x600.jpg 800w, https:\/\/mvs50.es\/wp-content\/uploads\/2020\/06\/MG_1160_-600x450.jpg 600w\" sizes=\"(max-width: 1024px) 100vw, 1024px\" \/><\/figure>\n<\/div>\n\n\n\n<div class=\"wp-block-column\">\n<figure class=\"wp-block-image size-large\"><img loading=\"lazy\" width=\"1024\" height=\"768\" src=\"http:\/\/mvs50.es\/wp-content\/uploads\/2020\/06\/MG_0962_-1024x768.jpg\" alt=\"\" class=\"wp-image-283\" srcset=\"https:\/\/mvs50.es\/wp-content\/uploads\/2020\/06\/MG_0962_-1024x768.jpg 1024w, https:\/\/mvs50.es\/wp-content\/uploads\/2020\/06\/MG_0962_-300x225.jpg 300w, https:\/\/mvs50.es\/wp-content\/uploads\/2020\/06\/MG_0962_-768x576.jpg 768w, https:\/\/mvs50.es\/wp-content\/uploads\/2020\/06\/MG_0962_-1536x1152.jpg 1536w, https:\/\/mvs50.es\/wp-content\/uploads\/2020\/06\/MG_0962_-2048x1536.jpg 2048w, https:\/\/mvs50.es\/wp-content\/uploads\/2020\/06\/MG_0962_-800x600.jpg 800w, https:\/\/mvs50.es\/wp-content\/uploads\/2020\/06\/MG_0962_-600x450.jpg 600w\" sizes=\"(max-width: 1024px) 100vw, 1024px\" \/><figcaption><span style=\"color:#464646\" class=\"has-inline-color\">Pendientes<\/span><\/figcaption><\/figure>\n<\/div>\n<\/div>\n\n\n\n<div class=\"wp-block-columns\">\n<div class=\"wp-block-column\">\n<figure class=\"wp-block-image size-large is-style-default\"><img loading=\"lazy\" width=\"1024\" height=\"768\" src=\"http:\/\/mvs50.es\/wp-content\/uploads\/2020\/06\/MG_0931_-1024x768.jpg\" alt=\"\" class=\"wp-image-279\" srcset=\"https:\/\/mvs50.es\/wp-content\/uploads\/2020\/06\/MG_0931_-1024x768.jpg 1024w, https:\/\/mvs50.es\/wp-content\/uploads\/2020\/06\/MG_0931_-300x225.jpg 300w, https:\/\/mvs50.es\/wp-content\/uploads\/2020\/06\/MG_0931_-768x576.jpg 768w, https:\/\/mvs50.es\/wp-content\/uploads\/2020\/06\/MG_0931_-1536x1152.jpg 1536w, https:\/\/mvs50.es\/wp-content\/uploads\/2020\/06\/MG_0931_-2048x1536.jpg 2048w, https:\/\/mvs50.es\/wp-content\/uploads\/2020\/06\/MG_0931_-800x600.jpg 800w, https:\/\/mvs50.es\/wp-content\/uploads\/2020\/06\/MG_0931_-600x450.jpg 600w\" sizes=\"(max-width: 1024px) 100vw, 1024px\" \/><figcaption><span style=\"color:#464646\" class=\"has-inline-color\">Collar<\/span><\/figcaption><\/figure>\n<\/div>\n\n\n\n<div class=\"wp-block-column\">\n<figure class=\"wp-block-image size-large is-style-default\"><img loading=\"lazy\" width=\"1024\" height=\"765\" src=\"http:\/\/mvs50.es\/wp-content\/uploads\/2020\/08\/Gemelos-Porticos_MG_0985_-edited-1-1024x765.jpg\" alt=\"\" class=\"wp-image-489\" srcset=\"https:\/\/mvs50.es\/wp-content\/uploads\/2020\/08\/Gemelos-Porticos_MG_0985_-edited-1-1024x765.jpg 1024w, https:\/\/mvs50.es\/wp-content\/uploads\/2020\/08\/Gemelos-Porticos_MG_0985_-edited-1-300x224.jpg 300w, https:\/\/mvs50.es\/wp-content\/uploads\/2020\/08\/Gemelos-Porticos_MG_0985_-edited-1-768x574.jpg 768w, https:\/\/mvs50.es\/wp-content\/uploads\/2020\/08\/Gemelos-Porticos_MG_0985_-edited-1-1536x1148.jpg 1536w, https:\/\/mvs50.es\/wp-content\/uploads\/2020\/08\/Gemelos-Porticos_MG_0985_-edited-1-2048x1531.jpg 2048w, https:\/\/mvs50.es\/wp-content\/uploads\/2020\/08\/Gemelos-Porticos_MG_0985_-edited-1-600x448.jpg 600w\" sizes=\"(max-width: 1024px) 100vw, 1024px\" \/><figcaption><span style=\"color:#464646\" class=\"has-inline-color\">Gemelos<\/span><\/figcaption><\/figure>\n<\/div>\n<\/div>\n\n\n\n<div class=\"wp-block-columns\">\n<div class=\"wp-block-column\">\n<figure class=\"wp-block-image size-large is-resized is-style-default\"><img loading=\"lazy\" src=\"http:\/\/mvs50.es\/wp-content\/uploads\/2020\/08\/Colgante-HEB_MG_0950_2-edited-3-1024x768.jpg\" alt=\"\" class=\"wp-image-490\" width=\"489\" height=\"366\" srcset=\"https:\/\/mvs50.es\/wp-content\/uploads\/2020\/08\/Colgante-HEB_MG_0950_2-edited-3-1024x768.jpg 1024w, https:\/\/mvs50.es\/wp-content\/uploads\/2020\/08\/Colgante-HEB_MG_0950_2-edited-3-300x225.jpg 300w, https:\/\/mvs50.es\/wp-content\/uploads\/2020\/08\/Colgante-HEB_MG_0950_2-edited-3-768x576.jpg 768w, https:\/\/mvs50.es\/wp-content\/uploads\/2020\/08\/Colgante-HEB_MG_0950_2-edited-3-1536x1151.jpg 1536w, https:\/\/mvs50.es\/wp-content\/uploads\/2020\/08\/Colgante-HEB_MG_0950_2-edited-3-2048x1535.jpg 2048w, https:\/\/mvs50.es\/wp-content\/uploads\/2020\/08\/Colgante-HEB_MG_0950_2-edited-3-800x600.jpg 800w, https:\/\/mvs50.es\/wp-content\/uploads\/2020\/08\/Colgante-HEB_MG_0950_2-edited-3-600x450.jpg 600w\" sizes=\"(max-width: 489px) 100vw, 489px\" \/><figcaption><span style=\"color:#464646\" class=\"has-inline-color\">Colgante HEB<\/span><\/figcaption><\/figure>\n\n\n\n<p><\/p>\n<\/div>\n\n\n\n<div class=\"wp-block-column\">\n<figure class=\"wp-block-image size-large is-resized is-style-default\"><img loading=\"lazy\" src=\"http:\/\/mvs50.es\/wp-content\/uploads\/2020\/08\/MG_1157_-edited-scaled.jpg\" alt=\"\" class=\"wp-image-598\" width=\"485\" height=\"364\" srcset=\"https:\/\/mvs50.es\/wp-content\/uploads\/2020\/08\/MG_1157_-edited-scaled.jpg 2560w, https:\/\/mvs50.es\/wp-content\/uploads\/2020\/08\/MG_1157_-edited-300x225.jpg 300w, https:\/\/mvs50.es\/wp-content\/uploads\/2020\/08\/MG_1157_-edited-1024x769.jpg 1024w, https:\/\/mvs50.es\/wp-content\/uploads\/2020\/08\/MG_1157_-edited-768x577.jpg 768w, https:\/\/mvs50.es\/wp-content\/uploads\/2020\/08\/MG_1157_-edited-1536x1154.jpg 1536w, https:\/\/mvs50.es\/wp-content\/uploads\/2020\/08\/MG_1157_-edited-2048x1539.jpg 2048w, https:\/\/mvs50.es\/wp-content\/uploads\/2020\/08\/MG_1157_-edited-800x600.jpg 800w, https:\/\/mvs50.es\/wp-content\/uploads\/2020\/08\/MG_1157_-edited-600x451.jpg 600w\" sizes=\"(max-width: 485px) 100vw, 485px\" \/><\/figure>\n<\/div>\n<\/div>\n\n\n\n<div class=\"wp-block-columns\">\n<div class=\"wp-block-column\">\n<figure class=\"wp-block-image size-large is-style-default\"><img loading=\"lazy\" width=\"1024\" height=\"982\" src=\"http:\/\/mvs50.es\/wp-content\/uploads\/2020\/06\/MG_1168_detallecara-b_n-1024x982.jpg\" alt=\"\" class=\"wp-image-292\" srcset=\"https:\/\/mvs50.es\/wp-content\/uploads\/2020\/06\/MG_1168_detallecara-b_n-1024x982.jpg 1024w, https:\/\/mvs50.es\/wp-content\/uploads\/2020\/06\/MG_1168_detallecara-b_n-300x288.jpg 300w, https:\/\/mvs50.es\/wp-content\/uploads\/2020\/06\/MG_1168_detallecara-b_n-768x736.jpg 768w, https:\/\/mvs50.es\/wp-content\/uploads\/2020\/06\/MG_1168_detallecara-b_n-1536x1473.jpg 1536w, https:\/\/mvs50.es\/wp-content\/uploads\/2020\/06\/MG_1168_detallecara-b_n-600x575.jpg 600w, https:\/\/mvs50.es\/wp-content\/uploads\/2020\/06\/MG_1168_detallecara-b_n.jpg 1961w\" sizes=\"(max-width: 1024px) 100vw, 1024px\" \/><\/figure>\n<\/div>\n\n\n\n<div class=\"wp-block-column\"><\/div>\n<\/div>\n\n\n\n<div class=\"wp-block-columns\">\n<div class=\"wp-block-column\"><\/div>\n<\/div>\n","protected":false},"excerpt":{"rendered":"","protected":false},"author":1,"featured_media":0,"parent":167,"menu_order":0,"comment_status":"closed","ping_status":"closed","template":"","meta":[],"_links":{"self":[{"href":"https:\/\/mvs50.es\/index.php\/wp-json\/wp\/v2\/pages\/514"}],"collection":[{"href":"https:\/\/mvs50.es\/index.php\/wp-json\/wp\/v2\/pages"}],"about":[{"href":"https:\/\/mvs50.es\/index.php\/wp-json\/wp\/v2\/types\/page"}],"author":[{"embeddable":true,"href":"https:\/\/mvs50.es\/index.php\/wp-json\/wp\/v2\/users\/1"}],"replies":[{"embeddable":true,"href":"https:\/\/mvs50.es\/index.php\/wp-json\/wp\/v2\/comments?post=514"}],"version-history":[{"count":68,"href":"https:\/\/mvs50.es\/index.php\/wp-json\/wp\/v2\/pages\/514\/revisions"}],"predecessor-version":[{"id":903,"href":"https:\/\/mvs50.es\/index.php\/wp-json\/wp\/v2\/pages\/514\/revisions\/903"}],"up":[{"embeddable":true,"href":"https:\/\/mvs50.es\/index.php\/wp-json\/wp\/v2\/pages\/167"}],"wp:attachment":[{"href":"https:\/\/mvs50.es\/index.php\/wp-json\/wp\/v2\/media?parent=514"}],"curies":[{"name":"wp","href":"https:\/\/api.w.org\/{rel}","templated":true}]}}