{"id":649,"date":"2020-08-30T07:35:10","date_gmt":"2020-08-30T07:35:10","guid":{"rendered":"http:\/\/mvs50.es\/?page_id=649"},"modified":"2020-09-03T17:22:43","modified_gmt":"2020-09-03T17:22:43","slug":"ice","status":"publish","type":"page","link":"https:\/\/mvs50.es\/index.php\/orfebreria\/ice\/","title":{"rendered":"ICE"},"content":{"rendered":"\n<div class=\"wp-block-columns\">\n<div class=\"wp-block-column\">\n<div class=\"wp-block-image is-style-default\"><figure class=\"alignright size-large is-resized\"><img loading=\"lazy\" src=\"http:\/\/mvs50.es\/wp-content\/uploads\/2020\/08\/MG_1122_-edited.jpg\" alt=\"\" class=\"wp-image-659\" width=\"317\" height=\"317\" srcset=\"https:\/\/mvs50.es\/wp-content\/uploads\/2020\/08\/MG_1122_-edited.jpg 1958w, https:\/\/mvs50.es\/wp-content\/uploads\/2020\/08\/MG_1122_-edited-300x300.jpg 300w, https:\/\/mvs50.es\/wp-content\/uploads\/2020\/08\/MG_1122_-edited-1022x1024.jpg 1022w, https:\/\/mvs50.es\/wp-content\/uploads\/2020\/08\/MG_1122_-edited-150x150.jpg 150w, https:\/\/mvs50.es\/wp-content\/uploads\/2020\/08\/MG_1122_-edited-768x769.jpg 768w, https:\/\/mvs50.es\/wp-content\/uploads\/2020\/08\/MG_1122_-edited-1534x1536.jpg 1534w, https:\/\/mvs50.es\/wp-content\/uploads\/2020\/08\/MG_1122_-edited-600x601.jpg 600w\" sizes=\"(max-width: 317px) 100vw, 317px\" \/><\/figure><\/div>\n<\/div>\n\n\n\n<div class=\"wp-block-column\">\n<p><span style=\"color:#464646\" class=\"has-inline-color\">Inspirada en los edificios de Art Dec\u00f3 del siglo XX americano, donde las l\u00edneas escalonadas y rectas se mezclaban con elementos org\u00e1nicos tomados de la naturaleza y el remate les hac\u00eda alzarse, distinguirse y diferenciarse, la COCTELERA ICE se crea a partir de l\u00edneas limpias y puras para la composici\u00f3n del cuerpo y l\u00edneas org\u00e1nicas para el tap\u00f3n que, surgiendo como un elemento escultural , toma prestadas las formas de los hielos al derretirse.<\/span><\/p>\n\n\n\n<p><span style=\"color:#464646\" class=\"has-inline-color\">La ergonom\u00eda para facilitar el uso de la coctelera se destaca en las formas curvas del tap\u00f3n favoreciendo el apoyo del dedo en cualquier posici\u00f3n.<\/span><\/p>\n\n\n\n<p><span style=\"color:#464646\" class=\"has-inline-color\">El medidor se presenta en un contenedor cil\u00edndrico con las medidas grabadas en el interior y contiene un peque\u00f1o molde para hielos cuya forma similar a la del tap\u00f3n, permite acompa\u00f1ar al coctel final.<\/span><\/p>\n\n\n\n<p><\/p>\n<\/div>\n<\/div>\n\n\n\n<div class=\"wp-block-columns\">\n<div class=\"wp-block-column\"><\/div>\n\n\n\n<div class=\"wp-block-column\"><\/div>\n<\/div>\n\n\n\n<div class=\"wp-block-columns\">\n<div class=\"wp-block-column\"><\/div>\n\n\n\n<div class=\"wp-block-column\"><\/div>\n<\/div>\n\n\n\n<div class=\"wp-block-columns\">\n<div class=\"wp-block-column\"><\/div>\n\n\n\n<div class=\"wp-block-column\"><\/div>\n<\/div>\n\n\n\n<figure class=\"wp-block-gallery columns-2 is-cropped\"><ul class=\"blocks-gallery-grid\"><li class=\"blocks-gallery-item\"><figure><img loading=\"lazy\" width=\"768\" height=\"1024\" src=\"http:\/\/mvs50.es\/wp-content\/uploads\/2020\/06\/MG_1135_2-768x1024.jpg\" alt=\"\" data-id=\"249\" data-full-url=\"http:\/\/mvs50.es\/wp-content\/uploads\/2020\/06\/MG_1135_2-scaled.jpg\" data-link=\"http:\/\/mvs50.es\/_mg_1135_2-2\/\" class=\"wp-image-249\" srcset=\"https:\/\/mvs50.es\/wp-content\/uploads\/2020\/06\/MG_1135_2-768x1024.jpg 768w, https:\/\/mvs50.es\/wp-content\/uploads\/2020\/06\/MG_1135_2-225x300.jpg 225w, https:\/\/mvs50.es\/wp-content\/uploads\/2020\/06\/MG_1135_2-1152x1536.jpg 1152w, https:\/\/mvs50.es\/wp-content\/uploads\/2020\/06\/MG_1135_2-1536x2048.jpg 1536w, https:\/\/mvs50.es\/wp-content\/uploads\/2020\/06\/MG_1135_2-600x800.jpg 600w, https:\/\/mvs50.es\/wp-content\/uploads\/2020\/06\/MG_1135_2-scaled.jpg 1920w\" sizes=\"(max-width: 768px) 100vw, 768px\" \/><\/figure><\/li><li class=\"blocks-gallery-item\"><figure><img loading=\"lazy\" width=\"1024\" height=\"768\" src=\"http:\/\/mvs50.es\/wp-content\/uploads\/2020\/06\/MG_1127_-1024x768.jpg\" alt=\"\" data-id=\"247\" data-full-url=\"http:\/\/mvs50.es\/wp-content\/uploads\/2020\/06\/MG_1127_.jpg\" data-link=\"http:\/\/mvs50.es\/_mg_1127_\/\" class=\"wp-image-247\" srcset=\"https:\/\/mvs50.es\/wp-content\/uploads\/2020\/06\/MG_1127_-1024x768.jpg 1024w, https:\/\/mvs50.es\/wp-content\/uploads\/2020\/06\/MG_1127_-300x225.jpg 300w, https:\/\/mvs50.es\/wp-content\/uploads\/2020\/06\/MG_1127_-768x576.jpg 768w, https:\/\/mvs50.es\/wp-content\/uploads\/2020\/06\/MG_1127_-1536x1152.jpg 1536w, https:\/\/mvs50.es\/wp-content\/uploads\/2020\/06\/MG_1127_-800x600.jpg 800w, https:\/\/mvs50.es\/wp-content\/uploads\/2020\/06\/MG_1127_-600x450.jpg 600w, https:\/\/mvs50.es\/wp-content\/uploads\/2020\/06\/MG_1127_.jpg 1961w\" sizes=\"(max-width: 1024px) 100vw, 1024px\" \/><\/figure><\/li><\/ul><\/figure>\n\n\n\n<p><span style=\"color:#464646\" class=\"has-inline-color\">Coctelera y Medidor<\/span><\/p>\n","protected":false},"excerpt":{"rendered":"<p>Inspirada en los edificios de Art Dec\u00f3 del siglo XX&#8230;<\/p>\n","protected":false},"author":1,"featured_media":0,"parent":170,"menu_order":2,"comment_status":"closed","ping_status":"closed","template":"","meta":[],"_links":{"self":[{"href":"https:\/\/mvs50.es\/index.php\/wp-json\/wp\/v2\/pages\/649"}],"collection":[{"href":"https:\/\/mvs50.es\/index.php\/wp-json\/wp\/v2\/pages"}],"about":[{"href":"https:\/\/mvs50.es\/index.php\/wp-json\/wp\/v2\/types\/page"}],"author":[{"embeddable":true,"href":"https:\/\/mvs50.es\/index.php\/wp-json\/wp\/v2\/users\/1"}],"replies":[{"embeddable":true,"href":"https:\/\/mvs50.es\/index.php\/wp-json\/wp\/v2\/comments?post=649"}],"version-history":[{"count":25,"href":"https:\/\/mvs50.es\/index.php\/wp-json\/wp\/v2\/pages\/649\/revisions"}],"predecessor-version":[{"id":1013,"href":"https:\/\/mvs50.es\/index.php\/wp-json\/wp\/v2\/pages\/649\/revisions\/1013"}],"up":[{"embeddable":true,"href":"https:\/\/mvs50.es\/index.php\/wp-json\/wp\/v2\/pages\/170"}],"wp:attachment":[{"href":"https:\/\/mvs50.es\/index.php\/wp-json\/wp\/v2\/media?parent=649"}],"curies":[{"name":"wp","href":"https:\/\/api.w.org\/{rel}","templated":true}]}}